{"id":2322,"date":"2018-07-02T18:49:17","date_gmt":"2018-07-02T16:49:17","guid":{"rendered":"https:\/\/www.camping-aupredeletang.com\/mobil-home-santafe-duo\/"},"modified":"2023-04-06T16:31:38","modified_gmt":"2023-04-06T14:31:38","slug":"mobile-home-santafe-duo","status":"publish","type":"page","link":"https:\/\/www.camping-aupredeletang.com\/en\/campsite-vendee-accommodations\/mobile-home-santafe-duo\/","title":{"rendered":"Mobile home rental Santaf\u00e9 Duo in Vend\u00e9e"},"content":{"rendered":"<p>Spacious (31 m2) and bright mobile home with a nice covered terrace.<br \/>\nOur mobile home has two beautiful bedrooms, one equipped with a bed 140&#215;190 cm and the other with two beds 80&#215;190, you will also find a bathroom with shower and separate toilet. This rental can accommodate up to 4 people.<br \/>\nYou can stay here with your family, friends or as a couple.<\/p>\n","protected":false},"excerpt":{"rendered":"<p>Spacious (31 m2) and bright mobile home with a nice covered terrace. Our mobile home has two beautiful bedrooms, one equipped with a bed 140&#215;190 cm and the other with two beds 80&#215;190, you will also find a bathroom with shower and separate toilet. This rental can accommodate up to 4 people. You can stay [&hellip;]<\/p>\n","protected":false},"author":1,"featured_media":2323,"parent":2380,"menu_order":4,"comment_status":"closed","ping_status":"closed","template":"","meta":{"footnotes":""},"class_list":["post-2322","page","type-page","status-publish","has-post-thumbnail","hentry"],"yoast_head":"<!-- This site is optimized with the Yoast SEO plugin v27.5 - https:\/\/yoast.com\/product\/yoast-seo-wordpress\/ -->\n<title>Mobile home rental 4 persons in Vend\u00e9e | Mobil home Sables d&#039;Olonne<\/title>\n<meta name=\"robots\" content=\"index, follow, max-snippet:-1, max-image-preview:large, max-video-preview:-1\" \/>\n<link rel=\"canonical\" href=\"https:\/\/www.camping-aupredeletang.com\/en\/campsite-vendee-accommodations\/mobile-home-santafe-duo\/\" \/>\n<meta property=\"og:locale\" content=\"en_US\" \/>\n<meta property=\"og:type\" content=\"article\" \/>\n<meta property=\"og:title\" content=\"Mobile home rental 4 persons in Vend\u00e9e | Mobil home Sables d&#039;Olonne\" \/>\n<meta property=\"og:description\" content=\"Spacious (31 m2) and bright mobile home with a nice covered terrace. Our mobile home has two beautiful bedrooms, one equipped with a bed 140&#215;190 cm and the other with two beds 80&#215;190, you will also find a bathroom with shower and separate toilet. This rental can accommodate up to 4 people. You can stay [&hellip;]\" \/>\n<meta property=\"og:url\" content=\"https:\/\/www.camping-aupredeletang.com\/en\/campsite-vendee-accommodations\/mobile-home-santafe-duo\/\" \/>\n<meta property=\"og:site_name\" content=\"Camping au Pr\u00e9 de L&#039;Etang\" \/>\n<meta property=\"article:publisher\" content=\"https:\/\/www.facebook.com\/aupredeletang\/\" \/>\n<meta property=\"article:modified_time\" content=\"2023-04-06T14:31:38+00:00\" \/>\n<meta property=\"og:image\" content=\"https:\/\/www.camping-aupredeletang.com\/wp-content\/uploads\/2018\/08\/verdure-pr\u00e9serv\u00e9-\u00e0-la-campagne-camping-pr\u00e8s-de-letang.jpg\" \/>\n\t<meta property=\"og:image:width\" content=\"1500\" \/>\n\t<meta property=\"og:image:height\" content=\"600\" \/>\n\t<meta property=\"og:image:type\" content=\"image\/jpeg\" \/>\n<meta name=\"twitter:card\" content=\"summary_large_image\" \/>\n<meta name=\"twitter:label1\" content=\"Est. reading time\" \/>\n\t<meta name=\"twitter:data1\" content=\"1 minute\" \/>\n<script type=\"application\/ld+json\" class=\"yoast-schema-graph\">{\"@context\":\"https:\\\/\\\/schema.org\",\"@graph\":[{\"@type\":\"WebPage\",\"@id\":\"https:\\\/\\\/www.camping-aupredeletang.com\\\/en\\\/campsite-vendee-accommodations\\\/mobile-home-santafe-duo\\\/\",\"url\":\"https:\\\/\\\/www.camping-aupredeletang.com\\\/en\\\/campsite-vendee-accommodations\\\/mobile-home-santafe-duo\\\/\",\"name\":\"Mobile home rental 4 persons in Vend\u00e9e | Mobil home Sables d'Olonne\",\"isPartOf\":{\"@id\":\"https:\\\/\\\/www.camping-aupredeletang.com\\\/#website\"},\"primaryImageOfPage\":{\"@id\":\"https:\\\/\\\/www.camping-aupredeletang.com\\\/en\\\/campsite-vendee-accommodations\\\/mobile-home-santafe-duo\\\/#primaryimage\"},\"image\":{\"@id\":\"https:\\\/\\\/www.camping-aupredeletang.com\\\/en\\\/campsite-vendee-accommodations\\\/mobile-home-santafe-duo\\\/#primaryimage\"},\"thumbnailUrl\":\"https:\\\/\\\/www.camping-aupredeletang.com\\\/wp-content\\\/uploads\\\/2018\\\/08\\\/verdure-pr\u00e9serv\u00e9-\u00e0-la-campagne-camping-pr\u00e8s-de-letang.jpg\",\"datePublished\":\"2018-07-02T16:49:17+00:00\",\"dateModified\":\"2023-04-06T14:31:38+00:00\",\"breadcrumb\":{\"@id\":\"https:\\\/\\\/www.camping-aupredeletang.com\\\/en\\\/campsite-vendee-accommodations\\\/mobile-home-santafe-duo\\\/#breadcrumb\"},\"inLanguage\":\"en-US\",\"potentialAction\":[{\"@type\":\"ReadAction\",\"target\":[\"https:\\\/\\\/www.camping-aupredeletang.com\\\/en\\\/campsite-vendee-accommodations\\\/mobile-home-santafe-duo\\\/\"]}]},{\"@type\":\"ImageObject\",\"inLanguage\":\"en-US\",\"@id\":\"https:\\\/\\\/www.camping-aupredeletang.com\\\/en\\\/campsite-vendee-accommodations\\\/mobile-home-santafe-duo\\\/#primaryimage\",\"url\":\"https:\\\/\\\/www.camping-aupredeletang.com\\\/wp-content\\\/uploads\\\/2018\\\/08\\\/verdure-pr\u00e9serv\u00e9-\u00e0-la-campagne-camping-pr\u00e8s-de-letang.jpg\",\"contentUrl\":\"https:\\\/\\\/www.camping-aupredeletang.com\\\/wp-content\\\/uploads\\\/2018\\\/08\\\/verdure-pr\u00e9serv\u00e9-\u00e0-la-campagne-camping-pr\u00e8s-de-letang.jpg\",\"width\":1500,\"height\":600},{\"@type\":\"BreadcrumbList\",\"@id\":\"https:\\\/\\\/www.camping-aupredeletang.com\\\/en\\\/campsite-vendee-accommodations\\\/mobile-home-santafe-duo\\\/#breadcrumb\",\"itemListElement\":[{\"@type\":\"ListItem\",\"position\":1,\"name\":\"Camping 3 \u00e9toiles Vend\u00e9e\",\"item\":\"https:\\\/\\\/www.camping-aupredeletang.com\\\/en\\\/\"},{\"@type\":\"ListItem\",\"position\":2,\"name\":\"Mobile home rental Vend\u00e9e\",\"item\":\"https:\\\/\\\/www.camping-aupredeletang.com\\\/en\\\/campsite-vendee-accommodations\\\/\"},{\"@type\":\"ListItem\",\"position\":3,\"name\":\"Mobile home rental Santaf\u00e9 Duo in Vend\u00e9e\"}]},{\"@type\":\"WebSite\",\"@id\":\"https:\\\/\\\/www.camping-aupredeletang.com\\\/#website\",\"url\":\"https:\\\/\\\/www.camping-aupredeletang.com\\\/\",\"name\":\"Camping Au pr\u00e9 de l'\u00e9tang\",\"description\":\"\",\"publisher\":{\"@id\":\"https:\\\/\\\/www.camping-aupredeletang.com\\\/#organization\"},\"potentialAction\":[{\"@type\":\"SearchAction\",\"target\":{\"@type\":\"EntryPoint\",\"urlTemplate\":\"https:\\\/\\\/www.camping-aupredeletang.com\\\/?s={search_term_string}\"},\"query-input\":{\"@type\":\"PropertyValueSpecification\",\"valueRequired\":true,\"valueName\":\"search_term_string\"}}],\"inLanguage\":\"en-US\"},{\"@type\":\"Organization\",\"@id\":\"https:\\\/\\\/www.camping-aupredeletang.com\\\/#organization\",\"name\":\"Camping au Pr\u00e9 de L'Etang\",\"url\":\"https:\\\/\\\/www.camping-aupredeletang.com\\\/\",\"logo\":{\"@type\":\"ImageObject\",\"inLanguage\":\"en-US\",\"@id\":\"https:\\\/\\\/www.camping-aupredeletang.com\\\/#\\\/schema\\\/logo\\\/image\\\/\",\"url\":\"https:\\\/\\\/www.camping-aupredeletang.com\\\/wp-content\\\/uploads\\\/2022\\\/07\\\/logo-au-pre-de-l-etang.png\",\"contentUrl\":\"https:\\\/\\\/www.camping-aupredeletang.com\\\/wp-content\\\/uploads\\\/2022\\\/07\\\/logo-au-pre-de-l-etang.png\",\"width\":300,\"height\":190,\"caption\":\"Camping au Pr\u00e9 de L'Etang\"},\"image\":{\"@id\":\"https:\\\/\\\/www.camping-aupredeletang.com\\\/#\\\/schema\\\/logo\\\/image\\\/\"},\"sameAs\":[\"https:\\\/\\\/www.facebook.com\\\/aupredeletang\\\/\",\"https:\\\/\\\/www.instagram.com\\\/camping.aupredeletang\\\/?hl=fr\"]}]}<\/script>\n<!-- \/ Yoast SEO plugin. -->","yoast_head_json":{"title":"Mobile home rental 4 persons in Vend\u00e9e | Mobil home Sables d'Olonne","robots":{"index":"index","follow":"follow","max-snippet":"max-snippet:-1","max-image-preview":"max-image-preview:large","max-video-preview":"max-video-preview:-1"},"canonical":"https:\/\/www.camping-aupredeletang.com\/en\/campsite-vendee-accommodations\/mobile-home-santafe-duo\/","og_locale":"en_US","og_type":"article","og_title":"Mobile home rental 4 persons in Vend\u00e9e | Mobil home Sables d'Olonne","og_description":"Spacious (31 m2) and bright mobile home with a nice covered terrace. Our mobile home has two beautiful bedrooms, one equipped with a bed 140&#215;190 cm and the other with two beds 80&#215;190, you will also find a bathroom with shower and separate toilet. This rental can accommodate up to 4 people. You can stay [&hellip;]","og_url":"https:\/\/www.camping-aupredeletang.com\/en\/campsite-vendee-accommodations\/mobile-home-santafe-duo\/","og_site_name":"Camping au Pr\u00e9 de L&#039;Etang","article_publisher":"https:\/\/www.facebook.com\/aupredeletang\/","article_modified_time":"2023-04-06T14:31:38+00:00","og_image":[{"width":1500,"height":600,"url":"https:\/\/www.camping-aupredeletang.com\/wp-content\/uploads\/2018\/08\/verdure-pr\u00e9serv\u00e9-\u00e0-la-campagne-camping-pr\u00e8s-de-letang.jpg","type":"image\/jpeg"}],"twitter_card":"summary_large_image","twitter_misc":{"Est. reading time":"1 minute"},"schema":{"@context":"https:\/\/schema.org","@graph":[{"@type":"WebPage","@id":"https:\/\/www.camping-aupredeletang.com\/en\/campsite-vendee-accommodations\/mobile-home-santafe-duo\/","url":"https:\/\/www.camping-aupredeletang.com\/en\/campsite-vendee-accommodations\/mobile-home-santafe-duo\/","name":"Mobile home rental 4 persons in Vend\u00e9e | Mobil home Sables d'Olonne","isPartOf":{"@id":"https:\/\/www.camping-aupredeletang.com\/#website"},"primaryImageOfPage":{"@id":"https:\/\/www.camping-aupredeletang.com\/en\/campsite-vendee-accommodations\/mobile-home-santafe-duo\/#primaryimage"},"image":{"@id":"https:\/\/www.camping-aupredeletang.com\/en\/campsite-vendee-accommodations\/mobile-home-santafe-duo\/#primaryimage"},"thumbnailUrl":"https:\/\/www.camping-aupredeletang.com\/wp-content\/uploads\/2018\/08\/verdure-pr\u00e9serv\u00e9-\u00e0-la-campagne-camping-pr\u00e8s-de-letang.jpg","datePublished":"2018-07-02T16:49:17+00:00","dateModified":"2023-04-06T14:31:38+00:00","breadcrumb":{"@id":"https:\/\/www.camping-aupredeletang.com\/en\/campsite-vendee-accommodations\/mobile-home-santafe-duo\/#breadcrumb"},"inLanguage":"en-US","potentialAction":[{"@type":"ReadAction","target":["https:\/\/www.camping-aupredeletang.com\/en\/campsite-vendee-accommodations\/mobile-home-santafe-duo\/"]}]},{"@type":"ImageObject","inLanguage":"en-US","@id":"https:\/\/www.camping-aupredeletang.com\/en\/campsite-vendee-accommodations\/mobile-home-santafe-duo\/#primaryimage","url":"https:\/\/www.camping-aupredeletang.com\/wp-content\/uploads\/2018\/08\/verdure-pr\u00e9serv\u00e9-\u00e0-la-campagne-camping-pr\u00e8s-de-letang.jpg","contentUrl":"https:\/\/www.camping-aupredeletang.com\/wp-content\/uploads\/2018\/08\/verdure-pr\u00e9serv\u00e9-\u00e0-la-campagne-camping-pr\u00e8s-de-letang.jpg","width":1500,"height":600},{"@type":"BreadcrumbList","@id":"https:\/\/www.camping-aupredeletang.com\/en\/campsite-vendee-accommodations\/mobile-home-santafe-duo\/#breadcrumb","itemListElement":[{"@type":"ListItem","position":1,"name":"Camping 3 \u00e9toiles Vend\u00e9e","item":"https:\/\/www.camping-aupredeletang.com\/en\/"},{"@type":"ListItem","position":2,"name":"Mobile home rental Vend\u00e9e","item":"https:\/\/www.camping-aupredeletang.com\/en\/campsite-vendee-accommodations\/"},{"@type":"ListItem","position":3,"name":"Mobile home rental Santaf\u00e9 Duo in Vend\u00e9e"}]},{"@type":"WebSite","@id":"https:\/\/www.camping-aupredeletang.com\/#website","url":"https:\/\/www.camping-aupredeletang.com\/","name":"Camping Au pr\u00e9 de l'\u00e9tang","description":"","publisher":{"@id":"https:\/\/www.camping-aupredeletang.com\/#organization"},"potentialAction":[{"@type":"SearchAction","target":{"@type":"EntryPoint","urlTemplate":"https:\/\/www.camping-aupredeletang.com\/?s={search_term_string}"},"query-input":{"@type":"PropertyValueSpecification","valueRequired":true,"valueName":"search_term_string"}}],"inLanguage":"en-US"},{"@type":"Organization","@id":"https:\/\/www.camping-aupredeletang.com\/#organization","name":"Camping au Pr\u00e9 de L'Etang","url":"https:\/\/www.camping-aupredeletang.com\/","logo":{"@type":"ImageObject","inLanguage":"en-US","@id":"https:\/\/www.camping-aupredeletang.com\/#\/schema\/logo\/image\/","url":"https:\/\/www.camping-aupredeletang.com\/wp-content\/uploads\/2022\/07\/logo-au-pre-de-l-etang.png","contentUrl":"https:\/\/www.camping-aupredeletang.com\/wp-content\/uploads\/2022\/07\/logo-au-pre-de-l-etang.png","width":300,"height":190,"caption":"Camping au Pr\u00e9 de L'Etang"},"image":{"@id":"https:\/\/www.camping-aupredeletang.com\/#\/schema\/logo\/image\/"},"sameAs":["https:\/\/www.facebook.com\/aupredeletang\/","https:\/\/www.instagram.com\/camping.aupredeletang\/?hl=fr"]}]}},"_links":{"self":[{"href":"https:\/\/www.camping-aupredeletang.com\/en\/wp-json\/wp\/v2\/pages\/2322","targetHints":{"allow":["GET"]}}],"collection":[{"href":"https:\/\/www.camping-aupredeletang.com\/en\/wp-json\/wp\/v2\/pages"}],"about":[{"href":"https:\/\/www.camping-aupredeletang.com\/en\/wp-json\/wp\/v2\/types\/page"}],"author":[{"embeddable":true,"href":"https:\/\/www.camping-aupredeletang.com\/en\/wp-json\/wp\/v2\/users\/1"}],"replies":[{"embeddable":true,"href":"https:\/\/www.camping-aupredeletang.com\/en\/wp-json\/wp\/v2\/comments?post=2322"}],"version-history":[{"count":3,"href":"https:\/\/www.camping-aupredeletang.com\/en\/wp-json\/wp\/v2\/pages\/2322\/revisions"}],"predecessor-version":[{"id":3778,"href":"https:\/\/www.camping-aupredeletang.com\/en\/wp-json\/wp\/v2\/pages\/2322\/revisions\/3778"}],"up":[{"embeddable":true,"href":"https:\/\/www.camping-aupredeletang.com\/en\/wp-json\/wp\/v2\/pages\/2380"}],"wp:featuredmedia":[{"embeddable":true,"href":"https:\/\/www.camping-aupredeletang.com\/en\/wp-json\/wp\/v2\/media\/2323"}],"wp:attachment":[{"href":"https:\/\/www.camping-aupredeletang.com\/en\/wp-json\/wp\/v2\/media?parent=2322"}],"curies":[{"name":"wp","href":"https:\/\/api.w.org\/{rel}","templated":true}]}}

Mobile home rental Santafé Duo in Vendée

<!-- This site is optimized with the Yoast SEO plugin v27.5 - https://yoast.com/product/yoast-seo-wordpress/ -->
<title>Mobile home rental 4 persons in Vendée | Mobil home Sables d&#039;Olonne</title>
<meta name="robots" content="index, follow, max-snippet:-1, max-image-preview:large, max-video-preview:-1" />
<link rel="canonical" href="https://www.camping-aupredeletang.com/en/campsite-vendee-accommodations/mobile-home-santafe-duo/" />
<meta property="og:locale" content="en_US" />
<meta property="og:type" content="article" />
<meta property="og:title" content="Mobile home rental 4 persons in Vendée | Mobil home Sables d&#039;Olonne" />
<meta property="og:description" content="Spacious (31 m2) and bright mobile home with a nice covered terrace. Our mobile home has two beautiful bedrooms, one equipped with a bed 140&#215;190 cm and the other with two beds 80&#215;190, you will also find a bathroom with shower and separate toilet. This rental can accommodate up to 4 people. You can stay [&hellip;]" />
<meta property="og:url" content="https://www.camping-aupredeletang.com/en/campsite-vendee-accommodations/mobile-home-santafe-duo/" />
<meta property="og:site_name" content="Camping au Pré de L&#039;Etang" />
<meta property="article:publisher" content="https://www.facebook.com/aupredeletang/" />
<meta property="article:modified_time" content="2023-04-06T14:31:38+00:00" />
<meta property="og:image" content="https://www.camping-aupredeletang.com/wp-content/uploads/2018/08/verdure-préservé-à-la-campagne-camping-près-de-letang.jpg" />
	<meta property="og:image:width" content="1500" />
	<meta property="og:image:height" content="600" />
	<meta property="og:image:type" content="image/jpeg" />
<meta name="twitter:card" content="summary_large_image" />
<meta name="twitter:label1" content="Est. reading time" />
	<meta name="twitter:data1" content="1 minute" />
<script type="application/ld+json" class="yoast-schema-graph">{"@context":"https:\/\/schema.org","@graph":[{"@type":"WebPage","@id":"https:\/\/www.camping-aupredeletang.com\/en\/campsite-vendee-accommodations\/mobile-home-santafe-duo\/","url":"https:\/\/www.camping-aupredeletang.com\/en\/campsite-vendee-accommodations\/mobile-home-santafe-duo\/","name":"Mobile home rental 4 persons in Vendée | Mobil home Sables d'Olonne","isPartOf":{"@id":"https:\/\/www.camping-aupredeletang.com\/#website"},"primaryImageOfPage":{"@id":"https:\/\/www.camping-aupredeletang.com\/en\/campsite-vendee-accommodations\/mobile-home-santafe-duo\/#primaryimage"},"image":{"@id":"https:\/\/www.camping-aupredeletang.com\/en\/campsite-vendee-accommodations\/mobile-home-santafe-duo\/#primaryimage"},"thumbnailUrl":"https:\/\/www.camping-aupredeletang.com\/wp-content\/uploads\/2018\/08\/verdure-préservé-à-la-campagne-camping-près-de-letang.jpg","datePublished":"2018-07-02T16:49:17+00:00","dateModified":"2023-04-06T14:31:38+00:00","breadcrumb":{"@id":"https:\/\/www.camping-aupredeletang.com\/en\/campsite-vendee-accommodations\/mobile-home-santafe-duo\/#breadcrumb"},"inLanguage":"en-US","potentialAction":[{"@type":"ReadAction","target":["https:\/\/www.camping-aupredeletang.com\/en\/campsite-vendee-accommodations\/mobile-home-santafe-duo\/"]}]},{"@type":"ImageObject","inLanguage":"en-US","@id":"https:\/\/www.camping-aupredeletang.com\/en\/campsite-vendee-accommodations\/mobile-home-santafe-duo\/#primaryimage","url":"https:\/\/www.camping-aupredeletang.com\/wp-content\/uploads\/2018\/08\/verdure-préservé-à-la-campagne-camping-près-de-letang.jpg","contentUrl":"https:\/\/www.camping-aupredeletang.com\/wp-content\/uploads\/2018\/08\/verdure-préservé-à-la-campagne-camping-près-de-letang.jpg","width":1500,"height":600},{"@type":"BreadcrumbList","@id":"https:\/\/www.camping-aupredeletang.com\/en\/campsite-vendee-accommodations\/mobile-home-santafe-duo\/#breadcrumb","itemListElement":[{"@type":"ListItem","position":1,"name":"Camping 3 étoiles Vendée","item":"https:\/\/www.camping-aupredeletang.com\/en\/"},{"@type":"ListItem","position":2,"name":"Mobile home rental Vendée","item":"https:\/\/www.camping-aupredeletang.com\/en\/campsite-vendee-accommodations\/"},{"@type":"ListItem","position":3,"name":"Mobile home rental Santafé Duo in Vendée"}]},{"@type":"WebSite","@id":"https:\/\/www.camping-aupredeletang.com\/#website","url":"https:\/\/www.camping-aupredeletang.com\/","name":"Camping Au pré de l'étang","description":"","publisher":{"@id":"https:\/\/www.camping-aupredeletang.com\/#organization"},"potentialAction":[{"@type":"SearchAction","target":{"@type":"EntryPoint","urlTemplate":"https:\/\/www.camping-aupredeletang.com\/?s={search_term_string}"},"query-input":{"@type":"PropertyValueSpecification","valueRequired":true,"valueName":"search_term_string"}}],"inLanguage":"en-US"},{"@type":"Organization","@id":"https:\/\/www.camping-aupredeletang.com\/#organization","name":"Camping au Pré de L'Etang","url":"https:\/\/www.camping-aupredeletang.com\/","logo":{"@type":"ImageObject","inLanguage":"en-US","@id":"https:\/\/www.camping-aupredeletang.com\/#\/schema\/logo\/image\/","url":"https:\/\/www.camping-aupredeletang.com\/wp-content\/uploads\/2022\/07\/logo-au-pre-de-l-etang.png","contentUrl":"https:\/\/www.camping-aupredeletang.com\/wp-content\/uploads\/2022\/07\/logo-au-pre-de-l-etang.png","width":300,"height":190,"caption":"Camping au Pré de L'Etang"},"image":{"@id":"https:\/\/www.camping-aupredeletang.com\/#\/schema\/logo\/image\/"},"sameAs":["https:\/\/www.facebook.com\/aupredeletang\/","https:\/\/www.instagram.com\/camping.aupredeletang\/?hl=fr"]}]}</script>
<!-- / Yoast SEO plugin. -->

Mobile home rental 4 persons in Vendée | Mobil home Sables d'Olonne

Camping au Pré de L&#039;Etang

https://www.camping-aupredeletang.com/wp-content/uploads/2018/08/verdure-préservé-à-la-campagne-camping-près-de-letang.jpg

Camping 3 étoiles Vendée

Mobile home rental Vendée

Camping Au pré de l'étang

Camping au Pré de L'Etang
